**3 + 2 + 4*k + k - 4*k**2. Let w(u) = 78*u + 541. Let v be w(-7). What is r(v)?
3
Let l(f) = f**3 - 4*f**2 - 4. Let w(b) = b**3 + 8*b**2 + 7*b + 2. Let n be w(-7). Suppose 4*u + y - 11 = n, -3*u + y + 15 = 0. Give l(u).
-4
Let q(o) = 115*o - 1 + 122*o - 350*o + 117*o. Determine q(4).
15
Let x(g) = 0*g**3 - 7 + 3 + 2*g**3 - 3*g**3 + 4*g**2. Let p = 133 + -130. Calculate x(p).
5
Let u(i) = -5 - 7 - 1 - 3*i + 4*i. Let n(j) = -85*j - 244. Let q be n(-3). Calculate u(q).
-2
Let d(s) = s**3 - 6*s**2 - 7*s + 2. Let r(p) = 2*p**2 - 54*p - 59. Let x be r(28). Let l = 11 + -21. Let n = x - l. Determine d(n).
2
Suppose u = -3*f - 16, 3*f - 2*u = -17 - 5. Let o(v) = -5*v - 14. Calculate o(f).
16
Suppose 2*c + 10 = 3*s + 2, -c = s - 6. Suppose c = -v + 2*v. Let f(x) = x**v - 2*x + 4*x**2 - x + 0*x. Determine f(2).
14
Let w(r) = r**3 - 4*r**2 - r + 2. Let a = 35 + -24. Suppose 4*v - 16 = -i, -7*i + a = -3*v - 2*i. Let l be -12*(16/6 - v). What is w(l)?
-2
Let n(c) = -c - 14. Let m(a) = -10*a - 6 - 11*a - 7 + 20*a. Let b(u) = -5*m(u) + 6*n(u). Calculate b(0).
-19
Let i be (3 + -4)*(-1 - -2). Let m be (-6)/(0 + i) + -1. Let c(j) = 4 - j**2 + 5*j - 7 + 1 + j. Give c(m).
3
Let p(x) = 4*x - 2. Let a(b) = 2*b - 1. Let c be 1/(((-4)/(-16))/((-10)/(-8))). Let o(l) = c*p(l) - 8*a(l). Calculate o(4).
14
Let d(v) = 5*v**2 + v. Let z = 957 - 956. Calculate d(z).
6
Let u be (3/(-6) + 1)*-10. Let v(z) = -z + 3. What is v(u)?
8
Let k(s) = 11*s - 58. Let m(z) = 4*z - 20. Let u(o) = 3*k(o) - 8*m(o). What is u(13)?
-1
Suppose -2*o = 2 - 10. Suppose 0 = -2*i + o*i. Let p(s) = -2*s - 49*s**3 + i - 2 + 48*s**3 - 4*s**2. Calculate p(-4).
6
Suppose -7*m + 4*m + 27 = 0. Suppose m*l + 4 = 31. Let k(p) = -p + 2. Let c(n) = -n + 1. Let w(z) = -5*c(z) + 2*k(z). Determine w(l).
8
Let r = 21 + -37. Let f be r/(-2) + 0/1. Let t(p) = p**2 - 8*p + 1. Calculate t(f).
1
Let p(m) be the second derivative of m**5/20 - 5*m**4/4 - m**3/6 + 13*m**2 + 2*m - 2. What is p(15)?
11
Let t(h) = 21*h**2 + 13*h - 5. Let q be t(8). Let l(k) = k**3 - 1443 + q - 5*k**2 - 7*k. Determine l(6).
-6
Suppose 9*l - 4*l - 21 = -3*h, 0 = l - 3*h - 15. Let o be 1/1*(5 - l). Let j(x) be the first derivative of 7*x**4/4 + x**3/3 + x**2/2 - 1. Determine j(o).
-7
Let c(d) = -d**3 - d**2 + 1. Suppose 11 + 16 = -3*m. Let y = 10 + m. Suppose y = 3*t - 5. Determine c(t).
-11
Let l be 4*(60/(-8) + 3). Let b = l + 17. Let d(f) = -7*f. What is d(b)?
7
Let a(i) = 2*i - 2. Let p(m) = m**2 + 1. Let q be p(-5). Let x = 31 - q. Give a(x).
8
Let f = 4 + -1. Let u = -1114 - -1116. Suppose 0 = -2*m - u*b + 14, -b - 6 = -f*m - 1. Let y(t) = -t + 6. Give y(m).
3
Suppose 5*o + 23 = -3*q, -3*q + o + 8 = -7*q. Let w(c) = 7*c**3 - 1. Calculate w(q).
-8
Let b be (-6)/(-4) + 30/20. Let h(u) = -4*u**3 + 6 + 182*u**2 - 189*u**2 + 3*u**b + 10*u. Calculate h(-8).
-10
Let h(b) = -5*b. Suppose 63 = -22*d - 3. What is h(d)?
15
Let c(g) = -2*g**3 + 11*g**2 - 5*g - 11. Let l(z) = -z**3 + 5*z**2 - 2*z - 5. Let i(q) = 2*c(q) - 5*l(q). Suppose 0 = -p - 1, -3*p + 4 - 1 = 2*s. What is i(s)?
3
Let a(i) = 11*i**2 - 25 + 7*i**2 - 26*i**2 + 7*i**2. What is a(0)?
-25
Let d(t) be the first derivative of 5 + 1/2*t**2 + 8*t. Suppose -4 = -f, -p + f - 2*f - 3 = 0. What is d(p)?
1
Suppose 0 = -0*q - 5*q - 25, -z = 5*q + 20. Let r(m) = m**3 - z - 11 - m**2 + 4*m**2 + 15. Give r(-3).
-1
Let l(z) = -2*z**3 - z**2 - 2*z - 4. Let g(r) = -r**3 + 5*r**2 - 19*r + 58. Let j be g(4). Give l(j).
12
Let l = 22 - 21. Suppose o + l - 3 = 0. Let m(x) = 9 - 3 + o*x + 3*x + x**2 + x. Determine m(-4).
-2
Let l be -2 - ((0 - -1) + -5). Suppose -l*f = f. Let b(z) be the second derivative of -z**5/20 - z**4/12 + z**3/6 - 2*z**2 - 17*z - 17. Calculate b(f).
-4
Suppose 5*r + 21 = 3*v - 0, -5*r - 7 = 4*v. Let w(o) = o**3 - o - 3. Determine w(r).
-27
Let a(v) = v - 18. Let x = 8 + 4. Calculate a(x).
-6
Let f(c) be the first derivative of -c**4/4 + 5*c**3/3 + 5*c**2/2 - 3*c + 101. Give f(6).
-9
Let d(n) = -2*n + 6. Let p(z) = 3. Let k(i) = 3*d(i) - 6*p(i). What is k(1)?
-6
Suppose -4*r - 7 = -3*z + 4, -5*z = -3*r. Let c(g) = -g**3 - 4*g**2 + 2*g - 4. Determine c(r).
11
Let s(r) = -r - 5. Let n = 356 - 241. Let f = n - 118. What is s(f)?
-2
Let j(k) be the first derivative of -4*k**3/3 - 267. What is j(2)?
-16
Suppose -8 + 6 = q. Let t(i) = 4 - 3*i**2 - 1 - i + 5*i. Give t(q).
-17
Let w(b) be the third derivative of -5*b**4/24 + b**3/6 - 3*b**2. Suppose -4*y + 20 = 0, -5*y + 23 = -3*g - 5. Determine w(g).
6
Suppose -4*z = -z - 6. Let c(b) be the first derivative of 3*b**2/2 - b + 26. Determine c(z).
5
Let j(x) = 8*x**2 + 8*x - 68. Let t(i) = -7*i**2 - 8*i + 61. Let r(c) = -8*j(c) - 9*t(c). Determine r(8).
-5
Suppose -6 = -5*c + 9, 5*p + 3*c - 9 = 0. Let z(l) be the second derivative of 5/12*l**4 + 2*l + 5/2*l**2 - 5/6*l**3 + p + 1/20*l**5. Calculate z(-6).
-1
Let m = -795 - -788. Suppose 7 + 6 = k - 2*x, -22 = -4*k + 2*x. Let o(z) = -z + 0*z - k + 0*z. What is o(m)?
4
Let t(s) = 2*s - 9. Let r(b) = -5 + 8*b + 6*b - 13*b. Let m(o) = -5*r(o) + 3*t(o). What is m(4)?
2
Let i(v) = 5*v - 1. Let k(p) = -4*p**2 + 18*p + 8. Let f be k(5). Let c be 3 + -3 - (-1 + f - -4). What is i(c)?
-6
Let p(j) = 2*j**3 - j**2 - 3*j + 2. Let u(w) = 5*w**3 - w**2 - 7*w + 3. Let m(o) = 7*p(o) - 3*u(o). Suppose -8 + 0 = 2*b. Determine m(b).
5
Let d be (197 - 202) + -1 + 2 + 0. Let t(m) = m**3 + 5*m**2 + 2*m - 8. Determine t(d).
0
Let r = -32 + 34. Suppose -2*f + r - 12 = 0. Let l(j) = -2*j - 7. Give l(f).
3
Let z(r) = -5*r**2 + 37 - 27*r + 43 + 20 + 3*r**2 - 95. Calculate z(-14).
-9
Let d(z) = -z**3 - 6*z**2 + 53*z - 23. Let s be d(-11). Let b(n) be the third derivative of -n**6/120 - n**5/30 + n**3/6 - n**2. What is b(s)?
0
Let k(d) = 6*d + 6. Let v(j) = 7*j + 6. Let s(l) = -4*k(l) + 3*v(l). Let r be s(-5). Let o(p) = -6*p - p + r + 3*p + 5*p. Determine o(-5).
4
Let g = 8 + -19. Let v(w) = w - 8. Let a(j) = 9. Let q(f) = 2*a(f) + v(f). Determine q(g).
-1
Suppose 9*c + 28 = 13*c. Suppose a = -1 - c. Let v(g) = g**3 + 9*g**2 + 10*g + 8. What is v(a)?
-8
Let r(d) be the second derivative of -d**4/4 + 2*d. Let u = -759 + 761. Calculate r(u).
-12
Let t be -1 + (2322/(-946) - 12/22). Let n(y) = 2*y**2 - 1 - 5*y - 4*y**2 + 5. Give n(t).
-8
Let j(f) = 239*f - 239*f - 4*f**2. Determine j(-1).
-4
Let n(v) be the first derivative of -v**7/840 - v**6/180 - v**5/30 - v**4/8 - 2*v**3/3 + 7. Let o(s) be the third derivative of n(s). Determine o(-2).
5
Let k(u) = 5*u**2 - 2*u - 11. Let c(v) = -6*v**2 + v + 12. Let y(o) = -6*c(o) - 7*k(o). Let f = 433 - 439. Give y(f).
-7
Let d(i) = i**2 - 9*i - 23. Suppose 4*u - 14 = 3*u + 3*j, -3*j + 30 = 3*u. Calculate d(u).
-1
Suppose 6*y + 81 = 81. Let o(w) = -441 + y*w - w**2 + 3*w + 440. Determine o(2).
1
Let x(w) = -3*w - 3. Let t(k) = k**3 + 7*k**2 - k - 14. Let o be t(-7). Let f(a) = -a - 5*a + 2*a - 4 + 3*a. Let q be f(o). Calculate x(q).
-12
Let w(y) be the first derivative of -9 + 4*y**2 - 3*y + 1/3*y**3. Let s(n) = 2*n. Let i be s(-3). Determine w(i).
-15
Let z(m) = m**3 + 3*m**2 - m. Let v = 261 + -263. What is z(v)?
6
Let j(l) = l**3 - 2*l**2 + 5*l + 1. Let k(y) = 5*y**3 - 8*y**2 + 26*y + 6. Let f(a) = -11*j(a) + 2*k(a). Calculate f(5).
11
Let p = 113 + -69. Let j = p - 49. Let o(w) = -4*w**3 - 6*w**2 - 8*w + 2. Let b(c) = -3*c**3 - 6*c**2 - 7*c + 1. Let v(z) = 3*b(z) - 2*o(z). What is v(j)?
-1
Let j(u) be the first derivative of -4*u**2 + 5*u - 1/3*u**3 - 1/2*u**4 - 1/20*u**5 - 3. Let n(b) be the first derivative of j(b). What is n(-6)?
4
Let z(r) = -r**2 - 2*r. Let s(n) = -n**3 - 3*n**2 - 4*n - 2. Let g be s(-2). Suppose g = 4*i - 6. Let m be -3*(1 - i/(-6)). Give z(m).
-8
Let n(p) = 1 + 0 - 2 - 5*p. Let t(a) = -1. Let z(o) = -n(o) + 2*t(o). What is z(1)?
4
Let j(k) = k - 23. Let z(s) = -3*s + 67. Let p(c) = -17*j(c) - 6*z(c). Calculate p(0).
-11
Let i(y) = -y + 5. Let q be i(4). Let n(o) = 5*o**2 + 9*o - 3. Let z(r) = -r**2 + 6*r - 4*r - 3*r. Let f(s) = q*n(s) + 6*z(s). Determine f(2).
-1
Let n(x) = x + 2. Suppose -l + 175 = 4*l. Suppose -q - 4*q = l. Let t(p) = p**3 + 7*p**2 + p + 9. Let v be t(q). What is n(v)?
4
Suppose 2*o + 16 = 4*d, -45 + 23 = 3*o - 5*d. Let u(s) = -2*s - 1 - 1 + 5. What is u(o)?
11
Let y(v) = v**3 - 5*v**2 - 6*v - 2. Let t be (-4)/(-8)*-12*3. Let o(z) = -